ivide 49856?
True
Is 127300 a multiple of 335?
True
Does 132 divide 3098620?
False
Is 835427 a multiple of 35?
False
Is 247 a factor of 33052?
False
Is 6 a factor of 1905462?
True
Does 87 divide 58292?
False
Is 7 a factor of 292080?
False
Is 236280 a multiple of 22?
True
Is 45652 a multiple of 101?
True
Does 48 divide 809861?
False
Is 196 a factor of 5265991?
False
Is 3 a factor of 91892?
False
Is 9 a factor of 86238?
True
Is 96 a factor of 11359200?
True
Is 310670 a multiple of 274?
False
Is 66 a factor of 64656?
False
Is 2385670 a multiple of 35?
True
Is 81 a factor of 12437?
False
Is 27 a factor of 61344?
True
Is 140 a factor of 1123905?
False
Is 36070 a multiple of 4?
False
Does 49 divide 70717?
False
Is 3 a factor of 149813?
False
Is 6272 a multiple of 112?
True
Does 91 divide 434461?
False
Is 619242 a multiple of 39?
True
Does 13 divide 1000282?
False
Is 11 a factor of 4774396?
True
Does 9 divide 2165877?
True
Is 185634 a multiple of 32?
False
Is 22 a factor of 85154?
False
Is 8995256 a multiple of 662?
True
Is 13 a factor of 1017150?
False
Is 2185054 a multiple of 120?
False
Is 102502 a multiple of 53?
True
Is 7 a factor of 1711934?
True
Is 2206042 a multiple of 9?
False
Does 11 divide 367235?
True
Does 50 divide 406300?
True
Does 10 divide 1450840?
True
Is 4 a factor of 202977?
False
Does 20 divide 9286140?
True
Does 19 divide 15854711?
False
Is 95337 a multiple of 166?
False
Is 94599 a multiple of 16?
False
Does 3 divide 27405?
True
Does 657 divide 971703?
True
Is 459 a factor of 1988388?
True
Is 18 a factor of 10667376?
True
Does 14 divide 557971?
False
Is 49 a factor of 103096?
True
Does 8 divide 92326?
False
Is 772 a factor of 2701228?
True
Is 76 a factor of 117572?
True
Is 50694 a multiple of 93?
False
Does 8 divide 250513?
False
Is 28 a factor of 248908?
False
Does 17 divide 123184?
False
Is 13 a factor of 48997?
True
Is 283970 a multiple of 33?
False
Is 43 a factor of 160689?
False
Is 8 a factor of 5833?
False
Is 238752 a multiple of 32?
True
Is 79 a factor of 7048617?
True
Is 8 a factor of 5849024?
True
Is 381496 a multiple of 86?
True
Is 568 a factor of 8844030?
False
Is 2235008 a multiple of 21?
False
Is 137586 a multiple of 17?
False
Is 214 a factor of 187366?
False
Is 5 a factor of 85684?
False
Is 57 a factor of 920579?
False
Is 5556570 a multiple of 115?
True
Is 114 a factor of 1096709?
False
Is 465 a factor of 408819?
False
Does 29 divide 784715?
False
Is 71576 a multiple of 9?
False
Is 179 a factor of 115276?
True
Is 372473 a multiple of 51?
False
Does 61 divide 10303543?
False
Does 4 divide 11832?
True
Is 278075 a multiple of 227?
True
Is 9 a factor of 1800657?
True
Is 99 a factor of 1317669?
False
Is 8666 a multiple of 4?
False
Does 165 divide 13673055?
True
Does 6 divide 1152127?
False
Is 7 a factor of 85076?
False
Is 979 a factor of 1955305?
False
Does 3 divide 284476?
False
Is 1021543 a multiple of 393?
False
Is 167 a factor of 153250?
False
Does 1590 divide 22023090?
True
Does 11 divide 113863?
False
Is 455 a factor of 99776?
False
Is 66720 a multiple of 24?
True
Is 17 a factor of 848257?
False
Does 102 divide 1800058?
False
Is 822600 a multiple of 15?
True
Is 103819 a multiple of 351?
False
Does 3 divide 88958?
False
Does 377 divide 7496092?
False
Is 7 a factor of 41125?
True
Is 5 a factor of 587870?
True
Is 882 a factor of 12216758?
False
Is 475 a factor of 216606?
False
Does 10 divide 1470240?
True
Does 10 divide 56333?
False
Does 2 divide 57829?
False
Is 1084536 a multiple of 12?
True
Does 13 divide 308828?
True
Is 10 a factor of 36970?
True
Is 1691530 a multiple of 305?
True
Is 16 a factor of 3028672?
True
Is 84758 a multiple of 21?
False
Is 42 a factor of 5103997?
False
Is 187 a factor of 6217069?
False
Does 15 divide 117969?
False
Does 5 divide 195260?
True
Is 134644 a multiple of 237?
False
Is 170 a factor of 166770?
True
Is 10 a factor of 10416?
False
Is 10268440 a multiple of 65?
True
Does 19 divide 1254?
True
Does 389 divide 2768513?
True
Does 431 divide 442946?
False
Does 204 divide 1979616?
True
Does 6 divide 13750?
False
Is 2 a factor of 162755?
False
Does 14 divide 17192?
True
Is 612175 a multiple of 8?
False
Is 900733 a multiple of 43?
False
Is 135 a factor of 14310?
True
Is 140980 a multiple of 19?
True
Is 51 a factor of 522138?
True
Does 24 divide 5951208?
True
Is 6846 a multiple of 7?
True
Is 536 a factor of 2140996?
False
Does 20 divide 1264140?
True
Is 293746 a multiple of 193?
True
Does 63 divide 60165?
True
Does 29 divide 396?
False
Is 139 a factor of 680544?
True
Is 375578 a multiple of 154?
False
Does 187 divide 64359?
False
Does 49 divide 146069?
True
Is 4984320 a multiple of 220?
True
Does 247 divide 100928?
False
Does 25 divide 247600?
True
Is 55223 a multiple of 74?
False
Does 14 divide 312354?
True
Is 22950 a multiple of 30?
True
Is 1175836 a multiple of 40?
False
Is 2443147 a multiple of 102?
False
Does 43 divide 1251343?
True
Is 9 a factor of 127656?
True
Is 15 a factor of 11282?
False
Is 929183 a multiple of 21?
False
Is 24 a factor of 68255?
False
Is 85946 a multiple of 151?
False
Is 512040 a multiple of 408?
True
Is 1611 a factor of 13618184?
False
Is 209979 a multiple of 189?
True
Is 115 a factor of 44913?
False
Is 827442 a multiple of 21?
True
Is 1805971 a multiple of 157?
True
Is 1099098 a multiple of 671?
True
Does 60 divide 211980?
True
Is 33 a factor of 3590839?
False
Does 16 divide 182388?
False
Is 1509 a factor of 6550569?
True
Is 305844 even?
True
Is 62707 a multiple of 333?
False
Does 136 divide 81056?
True
Is 1327742 a multiple of 25?
False
Is 138600 a multiple of 88?
True
Is 3530364 a multiple of 6?
True
Is 917 a factor of 638801?
False
Does 52 divide 442990?
False
Is 96 a factor of 2321467?
False
Is 143856 a multiple of 111?
True
Is 512016 a multiple of 24?
True
Is 2617604 a multiple of 25?
False
Does 17 divide 20204514?
False
Does 15 divide 1594260?
True
Does 531 divide 680742?
True
Does 134 divide 54324?
False
Does 140 divide 701960?
True
Is 512778 a multiple of 14?
True
Is 41761 a multiple of 251?
False
Does 783 divide 8549577?
True
Is 17 a factor of 1402402?
False
Is 19 a factor of 61674?
True
Does 14 divide 136835?
False
Is 267 a factor of 456711?
False
Does 224 divide 245206?
False
Is 20 a factor of 76900?
True
Is 29 a factor of 377718?
False
Is 361976 a multiple of 27?
False
Is 296519 a multiple of 4?
False
Is 648 a factor of 2835219?
False
Does 58 divide 251024?
True
Does 89 divide 3288639?
True
Does 2 divide 235456?
True
Is 365395 a multiple of 225?
False
Does 370 divide 2617764?
False
Is 26 a factor of 116194?
True
Is 770223 a multiple of 15?
False
Is 411 a factor of 1879092?
True
Is 17177601 a multiple of 1939?
True
Is 18 a factor of 531281?
False
Is 14652 a multiple of 99?
True
Is 15 a factor of 156000?
True
Is 8233 a multiple of 126?
False
Is 29 a factor of 24072378?
True
Does 145 divide 1037?
False
Is 158 a factor of 8292156?
True
Does 31 divide 9097503?
False
Is 282804 a multiple of 6?
True
Is 19046055 a multiple of 35?
True
Does 5 divide 63347?
False
Does 3 divide 1974207?
True
Is 12 a factor of 548291?
False
Is 2 a factor of 245843?
False
Is 123232 a multiple of 29?
False
Is 1812580 a multiple of 535?
True
Does 91 divide 303667?
True
Is 202718 a multiple of 54?
False
Does 254 divide 3532509?
False
Does 11 divide 1859412?
False
Is 1396746 a multiple of 381?
True
Is 410512 a multiple of 28?
False
Is 408919 a multiple of 17?
False
Is 44 a factor of 1341578?
False
Is 117 a factor of 194922?
True
Is 492 a factor of 130242?
False
Does 46 divide 222328?
False
Is 14051 a multiple of 62?
False
Does 137 divide 3383489?
True
Is 2534862 a multiple of 27?
False
Does 16 divide 3772560?
True
Does 14 divide 88115?
False
Is 2191065 a multiple of 129?
True
Is 365112 a multiple of 132?
True
Is 486 a factor of 1152306?
True
Is 206 a factor of 211970?
False
Is 119 a factor of 2063579?
True
Is 2853157 a multiple of 1564?
False
Is 9283120 a multiple of 308?
True
Is 390615 a multiple of 15?
True
Does 850 divide 20265700?
True
Does 331 divide 444202?
True
Does 46 divide 1380460?
True
Is 8 a factor of 48280?
True
Is 39615 a multiple of 112?
False
Is 214363 a multiple of 13?
False
Does 80 divide 5045563?
False
Does 21 divide 1276443?
True
Is 98384 a multiple of 143?
True
D